f 1 and w?
1
Let c = 65 + 80. Calculate the highest common divisor of 58 and c.
29
Let r be -3*(0 - 16/3). What is the highest common factor of 16 and r?
16
Let o(d) = d**2 + 11*d - 17. Let b be o(-13). What is the greatest common divisor of 117 and b?
9
Suppose 4 = h + 2*m, -3*m - 6 = 6. Suppose x = 3*x + 2. Let f be -20*(4/(-2) + x). Calculate the greatest common factor of f and h.
12
Suppose -21 = -0*r - 3*r. Let s(d) = -d**3 - 3*d**2 - 2*d - 1. Let y be s(-3). Let c be (-113)/(-2) - y/10. Calculate the greatest common divisor of c and r.
7
Suppose 4*z = -2*x + 8*z + 66, -x + z = -34. What is the greatest common factor of 70 and x?
35
Let a be (6/4)/(9/54). Suppose 4*n + 31 = 7. Let o be 3*-1*n/a. Calculate the highest common factor of o and 20.
2
Let y be ((-56)/(-6))/(26/195). What is the greatest common factor of y and 10?
10
Suppose 3*f - f = 28. What is the highest common factor of f and 21?
7
Suppose -f - 4*l = -0*f + 2, 3 = f - l. Suppose -s = -1 - f. Suppose -3*d + 42 = -d. What is the greatest common factor of d and s?
3
Suppose 5*z - 68 = 42. Suppose -z = 4*t - 190. Calculate the highest common divisor of 6 and t.
6
Let w be (40/(-50))/((-1)/10). Calculate the greatest common factor of w and 32.
8
Suppose 9 = 3*k, 6*i - i - 3*k = 131. Suppose 227 = y + 3*r, 2*y = 3*r + 2*r + 443. Calculate the highest common divisor of i and y.
28
Suppose 5*a + 93 = 288. What is the greatest common divisor of a and 26?
13
Suppose 5*s + 5*v - 381 + 131 = 0, v + 85 = 2*s. Let b(p) = 7*p + 2. Let r be b(4). Calculate the highest common factor of s and r.
15
Let v be (14 - 1) + 10 + -7. Let i be ((-3)/(-2))/(1/16). What is the highest common factor of i and v?
8
Suppose l = -0*l + 54. Let s be (-7)/2*(-24)/14. What is the greatest common factor of l and s?
6
Let q(l) = -l - 7. Let o be q(-7). Suppose o = 3*s, -19 - 41 = -t + 3*s. Calculate the greatest common factor of t and 24.
12
Let s = -25 + 52. What is the highest common factor of s and 243?
27
Let k(i) be the first derivative of 2 + 1/2*i**4 - 5/3*i**3 + 3*i + 1/2*i**2. Let q be k(3). Calculate the highest common divisor of q and 15.
15
Let i(n) = -n**3 - 7*n**2 - 4*n - 2. Let w be i(-6). Let r = -5 - w. What is the greatest common divisor of r and 72?
9
Suppose 2*m - 18 = 4*m. Let r(s) = -s**3 - 7*s**2 - 10. Let w be r(m). What is the highest common divisor of 19 and w?
19
Let y = 314 + -194. What is the greatest common factor of 15 and y?
15
Let v be (-1 + 17)/((-6)/(-9)). What is the greatest common divisor of 18 and v?
6
Suppose 2*n + 5*m = 61, -m = 3*n - 3*m - 44. What is the greatest common divisor of n and 18?
18
Let k(q) = -3*q**2 + 3*q. Let y be k(2). Let p(l) = -l**3 - 5*l**2 + 4. Let o be p(y). What is the greatest common divisor of 10 and o?
10
Suppose 255 = -3*v - 5*t + 2*t, -t + 79 = -v. Let a be (0 - 2)/1 - v. Calculate the highest common divisor of a and 32.
16
Let f(v) = -v**3 - 7*v**2 - 6*v + 5. Let n be f(-6). Calculate the highest common divisor of n and 25.
5
Suppose -5*q - 11 = -2*d, -4*d - q + 2*q + 67 = 0. Calculate the highest common factor of d and 6.
6
Suppose -3*v = v - 2*l - 184, 2*l - 56 = -v. Suppose 5*r = -6 + 21. Let j = r - -3. Calculate the greatest common factor of v and j.
6
Let a(q) = 37*q**3 - 2*q**2 + 2*q - 1. Let o be a(1). Suppose -n - 2*n = -o. Calculate the highest common factor of n and 18.
6
Let d be (-4)/(-6) + 1065/9. Let k(q) = q**2 + 3*q + 7. Let y be k(-5). What is the highest common divisor of y and d?
17
Suppose -5*s + 112 = -s. Calculate the highest common factor of s and 308.
28
Let q = -35 - -63. Suppose 17 = 3*j - q. Let g(b) = b**3 + 5*b**2 + 5. Let p be g(-5). What is the highest common factor of j and p?
5
Suppose 5*y + 169 = 4*u - 144, 0 = 3*y + 15. Suppose 0 = 5*g - 3*h - 78, 3*g - 5*g - h = -40. What is the greatest common factor of u and g?
18
Let r(a) = a**2 + 20. Let q be 2/6 - (-1)/(-3). Let d be r(q). Let p be (-2)/8 - (-185)/d. Calculate the highest common factor of 27 and p.
9
Let i(v) = -6*v + 4. Let q be i(-3). Suppose 2*o + 0*t + 5*t - 32 = 0, 2*t - 4 = 0. Calculate the highest common factor of q and o.
11
Let l be (12/(-9))/(2/(-18)). Let g = -3 - -6. Let h be 2 - g - (-30 + -1). Calculate the greatest common divisor of h and l.
6
Let j = -1 + 1. Suppose 4*w + 12 = m, m + 6 = 4*m + 3*w. Suppose j*l = -m*l + 72. Calculate the greatest common factor of l and 12.
6
Let p be (-18)/5*(-25)/(-7 - -12). What is the greatest common divisor of 198 and p?
18
Let m = -1 + 7. Let z be 126/8 + (-6)/8. Calculate the highest common divisor of m and z.
3
Suppose 3 = 3*z - 6. Suppose 5*g = -3*t + 108, -35 - 33 = -z*g - 5*t. Let m be (-2)/7 + 132/g. Calculate the highest common divisor of m and 30.
6
Let k(r) = -r - 2. Let s be k(-5). Suppose 4*z = s*y - 16, -2*y - 22 = 5*z - 71. Calculate the greatest common factor of y and 84.
12
Let a be 2/(-13) - 140/(-65). Suppose -4*v - a*x = -16, -3*v = -v + 3*x - 4. What is the greatest common factor of 55 and v?
5
Suppose 0 = 3*a + 2*c - 23, 5*a + 0*c - 34 = c. Calculate the greatest common divisor of 77 and a.
7
Let n(k) = 5*k**2 + 5*k - 1. Let i be n(4). Suppose -3*m + 22 = -5*o, m = -6*o + 2*o + 13. Calculate the greatest common factor of i and m.
9
Let f = 29 + 34. Suppose -2*k = -2*c - 4*k + 42, 3*c - f = -5*k. Calculate the greatest common divisor of 21 and c.
21
Suppose -s - 5 = -2*s. Suppose -s*l + 512 = -0*l - 3*y, -l + 104 = -y. What is the greatest common factor of l and 20?
20
Let d = -4 + 3. Let t = 9 - d. Calculate the highest common divisor of t and 15.
5
Suppose -2*o + 6*o = 0. Suppose -3*j + j + 26 = o. Let c = 356 - 239. Calculate the highest common factor of c and j.
13
Let y be (-4)/(-14) - (-6)/(168/2092). Calculate the greatest common factor of y and 15.
15
Let l = -122 + 125. Calculate the highest common factor of 27 and l.
3
Let m = 14 + -14. Let b be 1 - 4*10/(-4). Suppose -2*d + b = -3*t + 97, 2*t + 5*d - 32 = m. Calculate the greatest common divisor of t and 13.
13
Let t = -2 + 6. Suppose -s - 21 = -9*w + t*w, -3*w - 2*s = -10. Calculate the highest common factor of 1 and w.
1
Let f(d) = d + 2. Let j be f(-5). Let w be j - (-87)/((-1)/(-1)). Suppose 3*m + q = 37, -3*m - 5*q - 7 = -48. What is the highest common divisor of m and w?
12
Let c = 32 - 18. Let k be -2 - (-118 + 7 + -3). What is the greatest common divisor of k and c?
14
Let x = -32 - -57. What is the greatest common divisor of x and 5?
5
Let d(k) = -k**3 - 2*k**2 + 6*k + 4. Let l be d(-4). Suppose 2*a + a - 4*n = l, 4*a + 3*n = 16. What is the greatest common factor of a and 36?
4
Let r = 92 + -99. Let h(i) = i + 3*i + i**2 - 3*i - 8. Let f be h(r). What is the greatest common factor of 85 and f?
17
Let m be -35*(4 - 3)*-3. Calculate the highest common factor of m and 15.
15
Let n be 21/9 + (-6)/(-9). Suppose 0 = n*x + 3*t - 87, -2*x - 3*t = -3*x + 33. Calculate the greatest common divisor of x and 12.
6
Let t(j) = j - 3. Let i be t(7). Suppose p - 5 = 0, 0 = -2*r - 0*r + i*p - 14. Calculate the greatest common factor of r and 3.
3
Let k(x) be the first derivative of -x**4/2 - x**2 + 2*x + 4. Let i be k(-3). Let p = i + -40. Calculate the greatest common divisor of 2 and p.
2
Suppose 128 = 4*w - 4*i, 5 = -5*i + 15. What is the highest common divisor of 238 and w?
34
Suppose n - 5*n = 96. Let d be ((-64)/(-24))/((-2)/n). What is the greatest common factor of d and 256?
32
Let j = 4 + 1. Let g = j - 10. Let i be (g + 0)*(-1 + -1). Calculate the greatest common factor of 5 and i.
5
Let h(x) = -x**2 + x + 3. Let n be h(0). Let i = n - 0. What is the greatest common factor of 15 and i?
3
Suppose 0 = -4*v + v + 66. Calculate the highest common factor of v and 2.
2
Suppose 0 = -2*c + 4*c. Let x be -2 + 1 + c + 17. Suppose 0 = n - 4*n + 72. Calculate the greatest common factor of n and x.
8
Let k = -4 + 15. Let x = k - 8. Let z be ((-9)/(-3) - 2)*x. Calculate the highest common factor of z and 24.
3
Let z = -30 + 41. Suppose -4*f + 255 - 35 = 0. Calculate the greatest common factor of f and z.
11
Let w be (-6)/(476/(-156) + 3). Calculate the highest common factor of 13 and w.
13
Let l = -4 - -8. Let m = -7 + 6. Let p be 6/(m*(-2)/12). What is the highest common divisor of p and l?
4
Let l be 2 + ((-15)/(-3) - -68)